ns digit of b?
4
Let d be (-1)/(-11) - ((-2)/(-22))/1. Suppose 14*a - 15976 + 2648 = d. What is the units digit of a?
2
Let j = -145 - -258. Let z = 306 - j. Suppose -25 = 5*u, 8 = -5*b - 2*u + z. What is the tens digit of b?
3
Suppose -394 = f - 21452. What is the units digit of f?
8
Let d be 17/6 + (-2)/(-12). Suppose 16 = -4*f, d*a + 20 = 6*a + f. Suppose 205 = -a*m + 765. What is the units digit of m?
0
Let t be (-5)/(-4)*(-152)/(-95). Suppose -4*v = j - 468, 0 = 3*j - 0*j - t*v - 1348. What is the hundreds digit of j?
4
Let d = -16138 - -46046. What is the thousands digit of d?
9
Suppose 2*x + 8115 = 16683. What is the thousands digit of x?
4
Suppose 0 = 2*p + 4*v + 416, 5*v = 4 + 1. Let f = p - -284. What is the tens digit of f?
7
Let j(l) be the second derivative of l**4/6 - 41*l**3/6 + 31*l**2 + 39*l - 2. What is the tens digit of j(29)?
5
Let v(t) = 5*t**2 + 18*t - 13. Let w be v(9). Suppose -3*f + 640 = -w. What is the hundreds digit of f?
3
Let q(m) = 91*m**2 + 4. Let u(k) = k**2 - k. Let f(r) = q(r) + 3*u(r). What is the tens digit of f(1)?
9
Let u = 180 + -271. Let x = 46 + u. Let p = x + 83. What is the tens digit of p?
3
Suppose 89 = -2*w + w. Let d be -18*8/(-144)*-102. Let q = w - d. What is the tens digit of q?
1
Suppose -13*m + 8*m + 52145 = -3*l, 4*l - 10406 = -m. What is the units digit of m?
6
Suppose 5*m + 29 = -4*q + 86, -5*q = 4*m - 69. Suppose -q*g + 8302 = 1711. What is the units digit of g?
7
Let r(t) = -105*t**3 - 22*t**2 + 45*t + 22. What is the hundreds digit of r(-8)?
0
Suppose 5*r + 113 = 13. Let x = 421 - r. What is the hundreds digit of x?
4
Let a = -51414 + 78652. What is the tens digit of a?
3
Suppose 207*q = 122*q + 3244875. What is the thousands digit of q?
8
Suppose 4*c = -4*l + 368, c - 4 = -2. Let n = l - 46. What is the tens digit of ((-12)/(-8) + 0)*n?
6
Suppose -925 = 3*o - 5*m - 16697, o - m - 5258 = 0. What is the thousands digit of o?
5
Let r(d) = -d**3 + 9*d**2 + 11*d - 8. Let o be r(10). Let b be (o/(-1))/(2/(-8)). Suppose 310 = b*i - 586. What is the tens digit of i?
1
Let c be (-10)/(-2)*(32/20 + 0). Suppose c*s = -1366 + 4310. What is the tens digit of s?
6
Let o be (14/6 - 3)*9/(-2). Suppose o*a = 6*a - 3630. What is the thousands digit of a?
1
Let x = 24500 + 22505. What is the ten thousands digit of x?
4
Let t be -414 + (-84)/(-22) + 10/55. Let m = 2066 + t. What is the tens digit of m?
5
What is the ten thousands digit of (-5)/40 + (-758742)/(-48)?
1
Let b(l) = -795*l**2 - 7*l + 15. Let r be b(3). What is the units digit of 2/(-7*6/r)?
1
Let k = -108 + 156. Suppose 2877 = -k*t + 55*t. What is the units digit of t?
1
Let l be (-6)/4 + (-4)/(-8). Let f be (l - -14)/(4/124). Suppose -5*q = -5*w + 3*w - f, -166 = -2*q - 4*w. What is the units digit of q?
1
Let r(a) = 3*a**3 - 8*a**2 - 19*a - 55. Let v be r(16). Suppose -v = -11*k + 6894. What is the units digit of k?
5
Suppose g + 2*g - 24 = 0. Suppose -g*q + 225 = -3*q. Let s = 77 - q. What is the tens digit of s?
3
Let h(w) = -123*w + 6562. What is the tens digit of h(0)?
6
Suppose -3*u + 7927 + 8777 = 0. What is the thousands digit of u?
5
Let h(j) be the first derivative of -7*j**2 + 13*j - 15. Let b be h(-6). Suppose 6*l + b = 7*l. What is the units digit of l?
7
Let a(d) = -36*d**2 + 14*d - 93. Let m be a(5). Let c = -524 - m. What is the units digit of c?
9
Suppose 19*u - 20*u + 1 = 0. What is the tens digit of ((-28248)/(-220))/(1/(u + 4))?
4
Let t(m) be the second derivative of 25*m**3/6 - 39*m**2/2 - 61*m. What is the units digit of t(6)?
1
Let p(o) be the third derivative of -o**6/60 - o**5/15 + o**4/4 + o**3 - 10*o**2. Let l be p(-4). Let z = l - 35. What is the units digit of z?
1
Suppose 3*n - 2*d = 11536 + 6682, -3*d - 6075 = -n. What is the hundreds digit of n?
0
Let r(y) be the first derivative of 147*y**2/2 - 93*y + 331. What is the hundreds digit of r(6)?
7
Suppose -21300*m + 21220*m + 945972 + 812668 = 0. What is the tens digit of m?
8
What is the units digit of ((-409690)/424)/(-2 - 30/(-16))?
0
Suppose -2*t + 18 = 4*t. Suppose k + t*n = -139 + 506, -2*n = 4*k - 1498. What is the tens digit of k/10 + (-2)/(-5)?
3
Let s(w) = 28*w**2 + 2*w + 13. Let y(z) = -13*z + 35. Let g be y(3). What is the units digit of s(g)?
3
Suppose 67*d = 73*d - 46230. Suppose -18908 = -17*o - d. What is the hundreds digit of o?
6
Let z(l) = 103*l**2 + 12*l + 84. What is the tens digit of z(-11)?
1
Let w = 9082 + -3851. What is the tens digit of w?
3
Suppose 25 = 5*k, 0 = -5*h + 6*k - 10*k - 135. Let p(x) = -14*x - 129. What is the tens digit of p(h)?
0
Let b(f) = -24*f - 27. Let q be b(-3). Suppose -q*m + 41*m = -1504. What is the tens digit of m?
7
Let v be (-4)/(-5) + (-12)/(-10) + 4. Let g be (v - 5)*-3 - 57. Let q = 90 + g. What is the units digit of q?
0
Suppose 2*y = 3*t + 17610, -2*y + 2*t - 9159 = -26773. What is the thousands digit of y?
8
Let t(l) = -2*l**3 - 10*l**2 + 3*l + 12. Suppose -4*q + 0*u + 3*u - 25 = 0, 5*q + 4*u = -39. Let d be t(q). Let r = d - 29. What is the tens digit of r?
5
What is the thousands digit of 24964/((-38)/4 - -10)?
9
Suppose 81 = 282*s - 281*s. Suppose 0 = -4*x - 3 + 11. Suppose -x*i = -k - 66 - s, -5*i = -4*k - 360. What is the units digit of i?
6
Let n be -8 - (-637)/21 - (-2)/(-6). Let h(p) = -p**3 + 21*p**2 + 27*p + 40. What is the hundreds digit of h(n)?
1
Let t = 38632 + -27545. What is the thousands digit of t?
1
Let d = 57928 - 37488. What is the units digit of d?
0
Suppose 0 = 9*i - 4*i + 585. Let j = i + 47. What is the tens digit of (0/(-1) + -1)*(j - 4)?
7
Suppose 0 = 23*n + 2837 + 1717. Let i = 773 + n. What is the hundreds digit of i?
5
Let y = -461 - -2553. Suppose 4*a - y = -4*h, -4*a = 4*h - 5*h + 508. What is the tens digit of h?
2
Suppose -5*m = -k - 6578, 2*k = -m - m + 2636. What is the tens digit of 1/((-5257)/m + 4)?
8
Suppose 8*q = 11*q - 315. Let f = q - 105. What is the units digit of 66/3 - f - 2?
0
Let w = 96 - 103. Let k(z) = -26*z - 100. What is the tens digit of k(w)?
8
Let m = 71 + -57. Let v(r) = -14*r - m*r - 22 + 30*r. What is the tens digit of v(19)?
1
Suppose -8*c + 3*c = -10. Let s be 1*(1/c)/((-9)/54). What is the units digit of (-22)/(-33) - 184/s?
2
What is the tens digit of 18 + (-12 - -1) + 29113?
2
What is the hundreds digit of ((-815)/10)/(7/42)*747/(-27)?
5
Suppose 0 = 2*j - 39 + 31. Suppose 3*r - j*l - 729 = 181, -3*r + 904 = 2*l. What is the tens digit of r?
0
Let o(f) be the first derivative of f**3 + 19*f**2/2 + 7*f + 100. What is the units digit of o(-17)?
1
Suppose -2*i = i - 5*t - 11, 3*t = i - 5. Suppose 10*o + 2159 = 13*o + i*s, 5*o - s - 3607 = 0. What is the hundreds digit of o?
7
Let y(h) = -58*h + 4. Let q be y(5). Let p = 706 + q. Suppose 22*c - 18*c = p. What is the hundreds digit of c?
1
Suppose -9550 = -5*g - f, -4*f = 4*g - 2*g - 3838. Suppose 2321 + 239 = 4*r - 3*o, -5*o - g = -3*r. What is the tens digit of r?
4
Let d be (145548/(-65))/(4/(-10)). Suppose -d = -17*c + 9770. What is the tens digit of c?
0
Suppose 15*s = -9*s - 96. Let x(m) = -206*m + 37. What is the tens digit of x(s)?
6
Suppose 2*x + 3*a = 269 + 7246, -6*x = -3*a - 22509. What is the hundreds digit of x?
7
Let k(b) = 488*b**2 - 28*b + 74. What is the thousands digit of k(3)?
4
Suppose -3*n + 6 = 12. Let r(x) = -80*x + 22. What is the units digit of r(n)?
2
Let k(s) be the second derivative of -s**3/6 + 21*s**2/2 - 10*s. Let n be k(21). Suppose -3*h = n, -5*h + 96 = 6*d - 3*d. What is the units digit of d?
2
Suppose 3*f + 3*c + 30 = 0, -f + 0*f - 6 = 2*c. Let y be f/(-49) + 719/7. Let p = y - 56. What is the units digit of p?
7
Let l(a) = a**2 - 20*a + 57. Let b be l(17). Suppose -b*u + 50 = -11*u. What is the units digit of ((-32)/20)/((-4)/u)*-2?
8
Let z = 23 + -25. Let b be -10 - (-4 + (-4)/z). Let g = b + 80. What is the units digit of g?
2
Let x be (33/9 - 2) + 4/12. Let g = 13 - 13. Suppose g = 4*y + q - 6*q - 391, -476 = -5*y + x*q. What is the tens digit of y?
9
Suppose -7*l - 10*l + 146795 = 0. What is the hundreds digit of l?
6
Suppose -4*k - 751 = -c, -659 = 3*c - 5*k - 2947. What is the units digit of c?
1
What is the units digit of (2/20)/((-94)/(-1511332)) - 4/5?
7
Suppose 399330 = 5*k - 5*h, -372451 = -6*k + 5*h + 106747. What is the ten thousands digit of k